e of 790?
False
Is 26 a factor of 13995252?
False
Is 88119200 a multiple of 1832?
True
Is 6816724 a multiple of 190?
False
Is 1009883038 a multiple of 1254?
False
Does 117 divide 83347290?
True
Is 132204741 a multiple of 14?
False
Is 386191428 a multiple of 93?
True
Is 5 a factor of 123336598?
False
Is 39 a factor of 39334542?
True
Does 35 divide 17424595?
False
Is 740 a factor of 22173360?
True
Is 246 a factor of 107769648?
True
Is 31 a factor of 16662924?
False
Is 55478696 a multiple of 44?
False
Is 194417606 a multiple of 8?
False
Does 223 divide 236403638?
True
Is 769 a factor of 157010062?
False
Is 67 a factor of 150188601?
False
Does 430 divide 1629518731?
False
Does 303 divide 72319434?
True
Is 5937321681 a multiple of 8361?
True
Is 30344883 a multiple of 816?
False
Does 218 divide 482529748?
False
Is 157 a factor of 6826214?
False
Is 168262192 a multiple of 34?
True
Does 21 divide 14739524?
False
Is 988 a factor of 413834020?
False
Is 3185425552 a multiple of 344?
True
Does 6 divide 675706354?
False
Does 358 divide 2607379276?
False
Is 659746826 a multiple of 6?
False
Is 6494432 a multiple of 42?
False
Is 978936601 a multiple of 1159?
True
Is 40 a factor of 21289235?
False
Is 2657798234 a multiple of 2626?
True
Is 1052631031 a multiple of 446?
False
Is 2456416940 a multiple of 54?
False
Is 811347859 a multiple of 2560?
False
Is 331 a factor of 33529638?
True
Does 31 divide 19957560?
False
Is 301592285 a multiple of 2790?
False
Is 88959768 a multiple of 552?
True
Is 571 a factor of 750848441?
True
Is 9291 a factor of 4940900391?
False
Does 9 divide 22902696?
True
Does 303 divide 672620847?
False
Does 19 divide 8040208?
False
Is 298511376 a multiple of 14?
False
Is 316675272 a multiple of 1130?
False
Does 77 divide 6519916?
False
Is 296 a factor of 101094064?
True
Does 325 divide 971560141?
False
Is 17 a factor of 5973650?
False
Does 628 divide 70166440?
True
Does 1225 divide 303735075?
True
Is 10 a factor of 1692588?
False
Is 417 a factor of 54884706?
True
Is 2 a factor of 44140720?
True
Is 7884600 a multiple of 1020?
True
Is 114 a factor of 77771059?
False
Does 96 divide 433916887?
False
Is 35075592 a multiple of 216?
True
Is 201 a factor of 377108964?
True
Is 252674316 even?
True
Does 28 divide 813451884?
True
Is 83217800 a multiple of 851?
False
Is 523328384 a multiple of 210?
False
Does 38 divide 2720627832?
False
Is 16 a factor of 9063904?
True
Is 32 a factor of 2689053516?
False
Does 800 divide 1243955472?
False
Does 189 divide 110889047?
False
Is 183901920 even?
True
Is 3 a factor of 145025918?
False
Does 68 divide 1731249060?
True
Is 75003069 a multiple of 23?
True
Does 3437 divide 4488674?
False
Is 111 a factor of 51396774?
True
Is 211 a factor of 4892668?
True
Does 771 divide 1933571625?
True
Is 8063 a factor of 3570775359?
False
Does 11 divide 535089945?
False
Is 99 a factor of 14253569?
False
Does 4 divide 3704690?
False
Does 1175 divide 2834769750?
True
Is 2 a factor of 11734496?
True
Is 23 a factor of 57733579?
False
Is 8 a factor of 354676840?
True
Is 1501 a factor of 622781411?
True
Is 5788878 a multiple of 215?
False
Does 14 divide 305574892?
True
Does 37 divide 69970601?
False
Is 35 a factor of 261176739?
False
Does 64 divide 21365635?
False
Is 10 a factor of 11504314?
False
Is 675877261 a multiple of 641?
False
Is 21277841 even?
False
Is 15 a factor of 4863135?
True
Is 300515089 a multiple of 43?
True
Is 68454921 a multiple of 447?
True
Does 851 divide 656196739?
True
Is 43267210 a multiple of 1442?
True
Is 16 a factor of 1811904?
True
Is 260 a factor of 132188940?
True
Does 90 divide 70830270?
True
Is 5929500 a multiple of 30?
True
Does 636 divide 40058642?
False
Is 717 a factor of 142519189?
False
Is 763539985 a multiple of 140?
False
Is 468 a factor of 38387232?
True
Is 276054438 a multiple of 66?
True
Is 6 a factor of 119565369?
False
Is 3477 a factor of 697934733?
True
Is 489276179 a multiple of 94?
False
Does 135 divide 3608570632?
False
Does 15 divide 46048635?
True
Is 185 a factor of 77501865?
True
Does 8 divide 102060024?
True
Is 109 a factor of 50918092?
False
Does 64 divide 176596672?
True
Is 4935793 a multiple of 5657?
False
Is 2286 a factor of 77784470?
False
Is 106 a factor of 4715923?
False
Is 36018942 a multiple of 81?
False
Is 367 a factor of 7965368?
True
Does 450 divide 163362222?
False
Does 1185 divide 24868410?
True
Does 294 divide 76640010?
False
Is 335399601 a multiple of 59?
True
Is 35425754 a multiple of 40?
False
Is 875 a factor of 34633942?
False
Is 148305424 a multiple of 6?
False
Does 30 divide 6894350262?
False
Is 981 a factor of 448991359?
False
Is 112804945 a multiple of 44?
False
Does 96 divide 54429669?
False
Is 998253537 a multiple of 3117?
True
Does 70 divide 1791735289?
False
Is 14 a factor of 129371116?
True
Is 35828490 a multiple of 1315?
True
Is 11 a factor of 16725697?
False
Is 49572396 a multiple of 269?
True
Is 32 a factor of 102871735?
False
Is 170716938 a multiple of 1767?
True
Is 9 a factor of 84463086?
False
Does 3887 divide 800757636?
False
Does 14 divide 121103643?
False
Is 10 a factor of 86218428?
False
Is 70860860 a multiple of 2525?
False
Is 182358822 a multiple of 52?
False
Is 10898525 a multiple of 9?
False
Is 2683 a factor of 2811338622?
True
Is 231625842 a multiple of 7?
True
Is 2562748 a multiple of 12?
False
Does 70 divide 16099440?
True
Is 69262578 a multiple of 63?
True
Does 135 divide 27792197?
False
Is 34 a factor of 640346378?
True
Does 66 divide 314600716?
False
Is 110828800 a multiple of 13?
False
Is 620 a factor of 239321107?
False
Does 32 divide 1124447456?
True
Is 30 a factor of 1533752550?
True
Does 33 divide 35952117?
False
Is 4727 a factor of 1834015977?
False
Does 328 divide 67322581?
False
Is 90 a factor of 12040650?
True
Is 102606416 a multiple of 1142?
True
Is 16 a factor of 94488945?
False
Does 308 divide 973087192?
True
Is 93250511 a multiple of 155?
False
Does 184 divide 1872339288?
True
Is 32 a factor of 199262361?
False
Does 573 divide 387981738?
True
Is 215 a factor of 135891180?
True
Is 433 a factor of 4034330558?
False
Is 439 a factor of 27928631?
False
Is 608 a factor of 68990047?
False
Does 1378 divide 180440832?
True
Is 318033922 a multiple of 12?
False
Is 18 a factor of 3137604?
False
Is 32 a factor of 113723392?
True
Is 3123398922 a multiple of 42?
True
Is 550299200 a multiple of 320?
True
Is 9 a factor of 4214466?
True
Does 4400 divide 216607600?
True
Is 17 a factor of 34291312?
True
Is 741440500 a multiple of 125?
True
Is 120454226 a multiple of 9?
False
Is 250 a factor of 69829596?
False
Is 36280143 a multiple of 212?
False
Is 55739297 a multiple of 20?
False
Does 11 divide 479497018?
True
Is 4310 a factor of 55866220?
True
Does 42 divide 25424314?
False
Is 422766453 a multiple of 2?
False
Is 953689940 a multiple of 2254?
True
Is 34 a factor of 4893432?
False
Does 1958 divide 1102029949?
False
Does 650 divide 24796200?
True
Is 2702 a factor of 41645926?
True
Is 24 a factor of 5789472?
True
Does 353 divide 13189845?
True
Does 155 divide 9606900?
True
Is 731658978 a multiple of 307?
True
Does 10094 divide 5420584087?
False
Does 1141 divide 2618569435?
False
Is 418 a factor of 1190061466?
True
Does 1798 divide 794705664?
False
Is 2832 a factor of 687552960?
True
Is 47145675 a multiple of 1077?
True
Is 8 a factor of 1132095?
False
Does 1745 divide 634869390?
True
Does 167 divide 1539634033?
False
Is 6 a factor of 125397875?
False
Is 2124 a factor of 1775708233?
False
Does 158 divide 51901855?
False
Is 5 a factor of 302675?
True
Is 57 a factor of 157467630?
True
Does 896 divide 100877952?
True
Does 409 divide 468781682?
False
Is 23 a factor of 141107652?
False
Does 670 divide 34933524?
False
Does 131 divide 800656383?
False
Is 41678280 a multiple of 8?
True
Is 63 a factor of 77535486?
True
Is 566 a factor of 3960868?
True
Does 13 divide 825413366?
False
Is 11433652 even?
True
Is 6599993 a multiple of 25?
False
Is 91 a factor of 53083983?
False
Is 7390260 a multiple of 60?
True
Is 1191427 a multiple of 3?
False
Is 185524516 a multiple of 11?
False
Is 93 a factor of 36256329?
True
Is 11 a factor of 35497473?
True
Is 10689720 a multiple of 18?
False
Does 48 divide 8381409?
False
Is 242 a factor of 709150266?
True
Does 14 divide 159